[INFO] fetching crate forky_play 0.1.10...
[INFO] checking forky_play-0.1.10 against master#e6e4f7ed1589e03bc2f6c5931c1a72e7947e8682 for beta-170-4
[INFO] extracting crate forky_play 0.1.10 into /workspace/builds/worker-6-tc2/source
[INFO] validating manifest of crates.io crate forky_play 0.1.10 on toolchain e6e4f7ed1589e03bc2f6c5931c1a72e7947e8682
[INFO] running `Command { std: CARGO_HOME="/workspace/cargo-home" RUSTUP_HOME="/workspace/rustup-home" "/workspace/cargo-home/bin/cargo" "+e6e4f7ed1589e03bc2f6c5931c1a72e7947e8682" "metadata" "--manifest-path" "Cargo.toml" "--no-deps", kill_on_drop: false }`
[INFO] started tweaking crates.io crate forky_play 0.1.10
[INFO] removed 0 missing tests
[INFO] finished tweaking crates.io crate forky_play 0.1.10
[INFO] tweaked toml for crates.io crate forky_play 0.1.10 written to /workspace/builds/worker-6-tc2/source/Cargo.toml
[INFO] crate crates.io crate forky_play 0.1.10 already has a lockfile, it will not be regenerated
[INFO] running `Command { std: CARGO_HOME="/workspace/cargo-home" RUSTUP_HOME="/workspace/rustup-home" "/workspace/cargo-home/bin/cargo" "+e6e4f7ed1589e03bc2f6c5931c1a72e7947e8682" "fetch" "--manifest-path" "Cargo.toml", kill_on_drop: false }`
[INFO] running `Command { std: "docker" "create" "-v" "/var/lib/crater-agent-workspace/builds/worker-6-tc2/target:/opt/rustwide/target:rw,Z" "-v" "/var/lib/crater-agent-workspace/builds/worker-6-tc2/source:/opt/rustwide/workdir:ro,Z" "-v" "/var/lib/crater-agent-workspace/cargo-home:/opt/rustwide/cargo-home:ro,Z" "-v" "/var/lib/crater-agent-workspace/rustup-home:/opt/rustwide/rustup-home:ro,Z" "-e" "SOURCE_DIR=/opt/rustwide/workdir" "-e" "CARGO_TARGET_DIR=/opt/rustwide/target" "-e" "CARGO_HOME=/opt/rustwide/cargo-home" "-e" "RUSTUP_HOME=/opt/rustwide/rustup-home" "-w" "/opt/rustwide/workdir" "-m" "1610612736" "--user" "0:0" "--network" "none" "ghcr.io/rust-lang/crates-build-env/linux@sha256:19e73879b68f455e41552ea35293514db52ea292d993f571636dbffedb77a1ee" "/opt/rustwide/cargo-home/bin/cargo" "+e6e4f7ed1589e03bc2f6c5931c1a72e7947e8682" "metadata" "--no-deps" "--format-version=1", kill_on_drop: false }`
[INFO] [stdout] ddc3f15f03fe346875c09ddf7b3062df089b2b2e6f703d52a414ecb26693d49c
[INFO] running `Command { std: "docker" "start" "-a" "ddc3f15f03fe346875c09ddf7b3062df089b2b2e6f703d52a414ecb26693d49c", kill_on_drop: false }`
[INFO] running `Command { std: "docker" "inspect" "ddc3f15f03fe346875c09ddf7b3062df089b2b2e6f703d52a414ecb26693d49c", kill_on_drop: false }`
[INFO] running `Command { std: "docker" "rm" "-f" "ddc3f15f03fe346875c09ddf7b3062df089b2b2e6f703d52a414ecb26693d49c", kill_on_drop: false }`
[INFO] [stdout] ddc3f15f03fe346875c09ddf7b3062df089b2b2e6f703d52a414ecb26693d49c
[INFO] running `Command { std: "docker" "create" "-v" "/var/lib/crater-agent-workspace/builds/worker-6-tc2/target:/opt/rustwide/target:rw,Z" "-v" "/var/lib/crater-agent-workspace/builds/worker-6-tc2/source:/opt/rustwide/workdir:ro,Z" "-v" "/var/lib/crater-agent-workspace/cargo-home:/opt/rustwide/cargo-home:ro,Z" "-v" "/var/lib/crater-agent-workspace/rustup-home:/opt/rustwide/rustup-home:ro,Z" "-e" "SOURCE_DIR=/opt/rustwide/workdir" "-e" "CARGO_TARGET_DIR=/opt/rustwide/target" "-e" "CARGO_INCREMENTAL=0" "-e" "RUST_BACKTRACE=full" "-e" "RUSTFLAGS=--cap-lints=forbid" "-e" "RUSTDOCFLAGS=--cap-lints=forbid" "-e" "CARGO_HOME=/opt/rustwide/cargo-home" "-e" "RUSTUP_HOME=/opt/rustwide/rustup-home" "-w" "/opt/rustwide/workdir" "-m" "1610612736" "--user" "0:0" "--network" "none" "ghcr.io/rust-lang/crates-build-env/linux@sha256:19e73879b68f455e41552ea35293514db52ea292d993f571636dbffedb77a1ee" "/opt/rustwide/cargo-home/bin/cargo" "+e6e4f7ed1589e03bc2f6c5931c1a72e7947e8682" "check" "--frozen" "--all" "--all-targets" "--message-format=json", kill_on_drop: false }`
[INFO] [stdout] c9ce932b91fcee804e3979351fdfd33b10726c41abb1747873719d25a048af7d
[INFO] running `Command { std: "docker" "start" "-a" "c9ce932b91fcee804e3979351fdfd33b10726c41abb1747873719d25a048af7d", kill_on_drop: false }`
[INFO] [stderr]     Blocking waiting for file lock on package cache
[INFO] [stderr]    Compiling proc-macro2 v1.0.56
[INFO] [stderr]    Compiling quote v1.0.26
[INFO] [stderr]    Compiling unicode-ident v1.0.8
[INFO] [stderr]    Compiling libc v0.2.141
[INFO] [stderr]    Compiling serde_derive v1.0.160
[INFO] [stderr]    Compiling serde v1.0.160
[INFO] [stderr]     Checking once_cell v1.17.1
[INFO] [stderr]    Compiling indexmap v1.9.3
[INFO] [stderr]     Checking scopeguard v1.1.0
[INFO] [stderr]    Compiling crossbeam-utils v0.8.15
[INFO] [stderr]    Compiling ahash v0.7.6
[INFO] [stderr]    Compiling lock_api v0.4.9
[INFO] [stderr]    Compiling parking_lot_core v0.9.7
[INFO] [stderr]    Compiling thiserror v1.0.40
[INFO] [stderr]    Compiling libm v0.2.6
[INFO] [stderr]    Compiling hashbrown v0.12.3
[INFO] [stderr]    Compiling log v0.4.17
[INFO] [stderr]    Compiling num-traits v0.2.15
[INFO] [stderr]    Compiling winnow v0.4.1
[INFO] [stderr]    Compiling toml_datetime v0.6.1
[INFO] [stderr]     Checking fixedbitset v0.4.2
[INFO] [stderr]     Checking rustc-hash v1.1.0
[INFO] [stderr]     Checking tracing-core v0.1.30
[INFO] [stderr]    Compiling syn v2.0.15
[INFO] [stderr]    Compiling syn v1.0.109
[INFO] [stderr]     Checking instant v0.1.12
[INFO] [stderr]    Compiling cfg-if v1.0.0
[INFO] [stderr]     Checking tracing v0.1.37
[INFO] [stderr]     Checking concurrent-queue v2.2.0
[INFO] [stderr]    Compiling erased-serde v0.3.25
[INFO] [stderr]    Compiling bit-vec v0.6.3
[INFO] [stderr]     Checking getrandom v0.2.9
[INFO] [stderr]     Checking downcast-rs v1.2.0
[INFO] [stderr]    Compiling bit-set v0.5.3
[INFO] [stderr]     Checking async-executor v1.5.1
[INFO] [stderr]     Checking async-channel v1.8.0
[INFO] [stderr]     Checking thread_local v1.1.7
[INFO] [stderr]     Checking bevy_ptr v0.10.1
[INFO] [stderr]     Checking regex-syntax v0.6.29
[INFO] [stderr]     Checking aho-corasick v0.7.20
[INFO] [stderr]     Checking bevy_tasks v0.10.1
[INFO] [stderr]    Compiling toml_edit v0.19.8
[INFO] [stderr]     Checking overload v0.1.1
[INFO] [stderr]    Compiling uuid v1.3.1
[INFO] [stderr]     Checking nu-ansi-term v0.46.0
[INFO] [stderr]     Checking tracing-log v0.1.3
[INFO] [stderr]     Checking sharded-slab v0.1.4
[INFO] [stderr]     Checking crossbeam-channel v0.5.8
[INFO] [stderr]    Compiling num-integer v0.1.45
[INFO] [stderr]     Checking mio v0.8.6
[INFO] [stderr]    Compiling num-rational v0.4.1
[INFO] [stderr]     Checking static_assertions v1.1.0
[INFO] [stderr]     Checking raw-window-handle v0.5.2
[INFO] [stderr]     Checking adler v1.0.2
[INFO] [stderr]    Compiling crc32fast v1.3.2
[INFO] [stderr]     Checking arrayvec v0.7.2
[INFO] [stderr]     Checking inotify-sys v0.1.5
[INFO] [stderr]     Checking libloading v0.7.4
[INFO] [stderr]    Compiling bevy_macro_utils v0.10.1
[INFO] [stderr]     Checking regex-automata v0.1.10
[INFO] [stderr]     Checking regex v1.7.3
[INFO] [stderr]     Checking unicode-width v0.1.10
[INFO] [stderr]     Checking same-file v1.0.6
[INFO] [stderr]    Compiling khronos-egl v4.1.0
[INFO] [stderr]     Checking termcolor v1.2.0
[INFO] [stderr]     Checking unicode-xid v0.2.4
[INFO] [stderr]     Checking simd-adler32 v0.3.5
[INFO] [stderr]    Compiling ash v0.37.2+1.3.238
[INFO] [stderr]    Compiling anyhow v1.0.70
[INFO] [stderr]     Checking pp-rs v0.2.1
[INFO] [stderr]     Checking matchers v0.1.0
[INFO] [stderr]     Checking codespan-reporting v0.11.1
[INFO] [stderr]     Checking walkdir v2.3.3
[INFO] [stderr]     Checking inotify v0.9.6
[INFO] [stderr]     Checking miniz_oxide v0.6.2
[INFO] [stderr]     Checking spirv v0.2.0+1.5.4
[INFO] [stderr]     Checking sysinfo v0.28.4
[INFO] [stderr]     Checking filetime v0.2.21
[INFO] [stderr]     Checking gpu-alloc-types v0.2.0
[INFO] [stderr]     Checking gpu-descriptor-types v0.1.1
[INFO] [stderr]     Checking hexf-parse v0.2.1
[INFO] [stderr]     Checking flate2 v1.0.25
[INFO] [stderr]     Checking gpu-alloc v0.5.3
[INFO] [stderr]     Checking notify v5.1.0
[INFO] [stderr]     Checking miniz_oxide v0.7.1
[INFO] [stderr]     Checking fdeflate v0.3.0
[INFO] [stderr]    Compiling encase_derive_impl v0.5.0
[INFO] [stderr]     Checking fxhash v0.2.1
[INFO] [stderr]     Checking wgpu-types v0.15.2
[INFO] [stderr]     Checking glow v0.12.1
[INFO] [stderr]     Checking profiling v1.0.7
[INFO] [stderr]     Checking renderdoc-sys v0.7.1
[INFO] [stderr]     Checking png v0.17.8
[INFO] [stderr]     Checking color_quant v1.1.0
[INFO] [stderr]     Checking twox-hash v1.6.3
[INFO] [stderr]     Checking const_panic v0.2.7
[INFO] [stderr]     Checking ruzstd v0.2.4
[INFO] [stderr]     Checking ktx2 v0.3.0
[INFO] [stderr]     Checking approx v0.5.1
[INFO] [stderr]     Checking tinyvec_macros v0.1.1
[INFO] [stderr]    Compiling bevy_utils_proc_macros v0.10.1
[INFO] [stderr]    Compiling bevy_reflect_derive v0.10.1
[INFO] [stderr]    Compiling bevy_ecs_macros v0.10.1
[INFO] [stderr]    Compiling bevy_derive v0.10.1
[INFO] [stderr]    Compiling encase_derive v0.5.0
[INFO] [stderr]    Compiling bevy_render_macros v0.10.1
[INFO] [stderr]    Compiling bevy_encase_derive v0.10.1
[INFO] [stderr]     Checking tinyvec v1.6.0
[INFO] [stderr]     Checking nix v0.24.3
[INFO] [stderr]    Compiling bytemuck_derive v1.4.1
[INFO] [stderr]    Compiling thiserror-impl v1.0.40
[INFO] [stderr]     Checking ttf-parser v0.18.1
[INFO] [stderr]    Compiling alsa-sys v0.3.1
[INFO] [stderr]     Checking radsort v0.1.0
[INFO] [stderr]    Compiling xml-rs v0.8.4
[INFO] [stderr]     Checking ab_glyph_rasterizer v0.1.8
[INFO] [stderr]    Compiling libudev-sys v0.1.4
[INFO] [stderr]     Checking bytemuck v1.13.1
[INFO] [stderr]     Checking image v0.24.6
[INFO] [stderr]    Compiling wayland-scanner v0.29.5
[INFO] [stderr]    Compiling x11-dl v2.21.0
[INFO] [stderr]     Checking owned_ttf_parser v0.18.1
[INFO] [stderr]    Compiling serde_json v1.0.96
[INFO] [stderr]     Checking ab_glyph v0.2.20
[INFO] [stderr]    Compiling cfg_aliases v0.1.1
[INFO] [stderr]     Checking euclid v0.22.9
[INFO] [stderr]    Compiling slotmap v1.0.6
[INFO] [stderr]     Checking ryu v1.0.13
[INFO] [stderr]     Checking accesskit v0.10.1
[INFO] [stderr]     Checking svg_fmt v0.4.1
[INFO] [stderr]    Compiling inflections v1.1.1
[INFO] [stderr]    Compiling cpal v0.15.2
[INFO] [stderr]     Checking itoa v1.0.6
[INFO] [stderr]    Compiling winit v0.28.3
[INFO] [stderr]     Checking alsa v0.7.0
[INFO] [stderr]     Checking nix v0.26.2
[INFO] [stderr]    Compiling gltf-derive v1.1.0
[INFO] [stderr]     Checking guillotiere v0.6.2
[INFO] [stderr]     Checking ogg v0.8.0
[INFO] [stderr]     Checking dasp_sample v0.11.0
[INFO] [stderr]     Checking rectangle-pack v0.4.2
[INFO] [stderr]    Compiling gilrs v0.10.1
[INFO] [stderr]     Checking xi-unicode v0.3.0
[INFO] [stderr]     Checking lewton v0.10.2
[INFO] [stderr]     Checking urlencoding v2.1.2
[INFO] [stderr]    Compiling memoffset v0.8.0
[INFO] [stderr]     Checking glyph_brush_layout v0.2.3
[INFO] [stderr]     Checking safe_arch v0.6.0
[INFO] [stderr]     Checking taffy v0.3.11
[INFO] [stderr]    Compiling ahash v0.8.3
[INFO] [stderr]    Compiling crossbeam-epoch v0.9.14
[INFO] [stderr]     Checking wide v0.7.8
[INFO] [stderr]     Checking unicode-normalization v0.1.22
[INFO] [stderr]     Checking num-complex v0.4.3
[INFO] [stderr]     Checking rawpointer v0.2.1
[INFO] [stderr]    Compiling paste v1.0.8
[INFO] [stderr]    Compiling crossbeam-queue v0.3.8
[INFO] [stderr]     Checking unicode-bidi v0.3.13
[INFO] [stderr]     Checking idna v0.3.0
[INFO] [stderr]     Checking matrixmultiply v0.3.2
[INFO] [stderr]     Checking x11rb-protocol v0.10.0
[INFO] [stderr]     Checking ecolor v0.21.0
[INFO] [stderr]     Checking emath v0.21.0
[INFO] [stderr]    Compiling nalgebra-macros v0.2.0
[INFO] [stderr]     Checking dirs-sys v0.3.7
[INFO] [stderr]     Checking gethostname v0.2.3
[INFO] [stderr]     Checking simba v0.8.1
[INFO] [stderr]     Checking optional v0.5.0
[INFO] [stderr]     Checking nohash-hasher v0.2.0
[INFO] [stderr]     Checking robust v0.2.3
[INFO] [stderr]     Checking dirs v4.0.0
[INFO] [stderr]     Checking url v2.3.1
[INFO] [stderr]     Checking crossbeam-deque v0.8.3
[INFO] [stderr]    Compiling num-derive v0.3.3
[INFO] [stderr]     Checking rand_core v0.6.4
[INFO] [stderr]     Checking either v1.8.1
[INFO] [stderr]     Checking webbrowser v0.8.9
[INFO] [stderr]     Checking crossbeam v0.8.2
[INFO] [stderr]     Checking rand_chacha v0.3.1
[INFO] [stderr]     Checking pretty-type-name v1.0.1
[INFO] [stderr]    Compiling extend v1.2.0
[INFO] [stderr]    Compiling bevy-inspector-egui-derive v0.18.1
[INFO] [stderr]     Checking rand v0.8.5
[INFO] [stderr]     Checking interpolation v0.2.0
[INFO] [stderr]     Checking smallvec v1.10.0
[INFO] [stderr]     Checking glam v0.23.0
[INFO] [stderr]     Checking tracing-subscriber v0.3.16
[INFO] [stderr]     Checking parking_lot v0.12.1
[INFO] [stderr]     Checking gpu-descriptor v0.2.3
[INFO] [stderr]     Checking gilrs-core v0.5.4
[INFO] [stderr]     Checking ron v0.8.0
[INFO] [stderr]     Checking petgraph v0.6.3
[INFO] [stderr]     Checking gltf-json v1.1.0
[INFO] [stderr]     Checking rodio v0.17.1
[INFO] [stderr]     Checking accesskit_winit v0.12.4
[INFO] [stderr]     Checking epaint v0.21.0
[INFO] [stderr]     Checking spade v2.1.0
[INFO] [stderr]     Checking forky_core v0.1.10
[INFO] [stderr]     Checking bevy_math v0.10.1
[INFO] [stderr]     Checking bevy_mikktspace v0.10.1
[INFO] [stderr]     Checking encase v0.5.0
[INFO] [stderr]     Checking hexasphere v8.1.0
[INFO] [stderr]     Checking x11rb v0.10.1
[INFO] [stderr]     Checking egui v0.21.0
[INFO] [stderr]     Checking bevy_utils v0.10.1
[INFO] [stderr]     Checking naga v0.11.0
[INFO] [stderr]     Checking bevy_reflect v0.10.1
[INFO] [stderr]     Checking arboard v3.2.0
[INFO] [stderr]     Checking gltf v1.1.0
[INFO] [stderr]     Checking nalgebra v0.32.2
[INFO] [stderr]     Checking bevy_ecs v0.10.1
[INFO] [stderr]     Checking wgpu-hal v0.15.4
[INFO] [stderr]     Checking wgpu-core v0.15.1
[INFO] [stderr]     Checking bevy_app v0.10.1
[INFO] [stderr]     Checking bevy_core v0.10.1
[INFO] [stderr]     Checking bevy_log v0.10.1
[INFO] [stderr]     Checking bevy_time v0.10.1
[INFO] [stderr]     Checking bevy_input v0.10.1
[INFO] [stderr]     Checking bevy_a11y v0.10.1
[INFO] [stderr]     Checking bevy_hierarchy v0.10.1
[INFO] [stderr]     Checking parry3d v0.13.4
[INFO] [stderr]     Checking bevy_diagnostic v0.10.1
[INFO] [stderr]     Checking bevy_transform v0.10.1
[INFO] [stderr]     Checking bevy_asset v0.10.1
[INFO] [stderr]     Checking bevy_window v0.10.1
[INFO] [stderr]     Checking bevy_gilrs v0.10.1
[INFO] [stderr]     Checking bevy_animation v0.10.1
[INFO] [stderr]     Checking bevy_audio v0.10.1
[INFO] [stderr]     Checking wgpu v0.15.1
[INFO] [stderr]     Checking bevy_winit v0.10.1
[INFO] [stderr]     Checking rapier3d v0.17.2
[INFO] [stderr]     Checking bevy_render v0.10.1
[INFO] [stderr]     Checking bevy_core_pipeline v0.10.1
[INFO] [stderr]     Checking bevy_scene v0.10.1
[INFO] [stderr]     Checking bevy_mod_debugdump v0.7.0
[INFO] [stderr]     Checking bevy_sprite v0.10.1
[INFO] [stderr]     Checking bevy_pbr v0.10.1
[INFO] [stderr]     Checking bevy_text v0.10.1
[INFO] [stderr]     Checking bevy_ui v0.10.1
[INFO] [stderr]     Checking bevy_gltf v0.10.1
[INFO] [stderr]     Checking bevy_internal v0.10.1
[INFO] [stderr]     Checking bevy v0.10.1
[INFO] [stderr]     Checking bevy_egui v0.20.2
[INFO] [stderr]     Checking bevy_prototype_debug_lines v0.10.1
[INFO] [stderr]     Checking bevy_easings v0.10.0
[INFO] [stderr]     Checking bevy_rapier3d v0.21.0
[INFO] [stderr]     Checking bevy-inspector-egui v0.18.3
[INFO] [stderr]     Checking forky_play v0.1.10 (/opt/rustwide/workdir)
[INFO] [stdout] warning: private item shadows public glob re-export
[INFO] [stdout]  --> src/maze/_utility/maze.rs:1:5
[INFO] [stdout]   |
[INFO] [stdout] 1 | use forky_core::graph::NodeGraph;
[INFO] [stdout]   |     ^^^^^^^^^^^^^^^^^^^^^^^^^^^^ but the private item here shadows it
[INFO] [stdout] 2 | pub use forky_core::graph::*;
[INFO] [stdout]   |         -------------------- the name `NodeGraph` in the type namespace is supposed to be publicly re-exported here
[INFO] [stdout]   |
[INFO] [stdout]   = note: `#[warn(hidden_glob_reexports)]` on by default
[INFO] [stdout] 
[INFO] [stdout] 
[INFO] [stdout] warning: private item shadows public glob re-export
[INFO] [stdout]  --> src/maze/_utility/maze.rs:1:5
[INFO] [stdout]   |
[INFO] [stdout] 1 | use forky_core::graph::NodeGraph;
[INFO] [stdout]   |     ^^^^^^^^^^^^^^^^^^^^^^^^^^^^ but the private item here shadows it
[INFO] [stdout] 2 | pub use forky_core::graph::*;
[INFO] [stdout]   |         -------------------- the name `NodeGraph` in the type namespace is supposed to be publicly re-exported here
[INFO] [stdout]   |
[INFO] [stdout]   = note: `#[warn(hidden_glob_reexports)]` on by default
[INFO] [stdout] 
[INFO] [stdout] 
[INFO] [stdout] warning: 1 warning emitted
[INFO] [stdout] 
[INFO] [stdout] 
[INFO] [stdout] warning: 1 warning emitted
[INFO] [stdout] 
[INFO] [stdout] 
[INFO] [stdout] error[E0432]: unresolved import `sweet`
[INFO] [stdout]  --> test/sweet.rs:9:9
[INFO] [stdout]   |
[INFO] [stdout] 9 | pub use sweet::*;
[INFO] [stdout]   |         ^^^^^ use of undeclared crate or module `sweet`
[INFO] [stdout] 
[INFO] [stdout] 
[INFO] [stdout] error[E0432]: unresolved import `sweet`
[INFO] [stdout]  --> test/extensions/quat.rs:4:5
[INFO] [stdout]   |
[INFO] [stdout] 4 | use sweet::*;
[INFO] [stdout]   |     ^^^^^ use of undeclared crate or module `sweet`
[INFO] [stdout] 
[INFO] [stdout] 
[INFO] [stdout] error[E0432]: unresolved import `sweet`
[INFO] [stdout]  --> test/geometry/bezier.rs:2:5
[INFO] [stdout]   |
[INFO] [stdout] 2 | use sweet::*;
[INFO] [stdout]   |     ^^^^^ use of undeclared crate or module `sweet`
[INFO] [stdout] 
[INFO] [stdout] 
[INFO] [stdout] error[E0432]: unresolved import `sweet`
[INFO] [stdout]  --> test/geometry/bezier_render.rs:3:5
[INFO] [stdout]   |
[INFO] [stdout] 3 | use sweet::*;
[INFO] [stdout]   |     ^^^^^ use of undeclared crate or module `sweet`
[INFO] [stdout] 
[INFO] [stdout] 
[INFO] [stdout] error[E0432]: unresolved import `sweet`
[INFO] [stdout]  --> test/maze/ball.rs:6:5
[INFO] [stdout]   |
[INFO] [stdout] 6 | use sweet::*;
[INFO] [stdout]   |     ^^^^^ use of undeclared crate or module `sweet`
[INFO] [stdout] 
[INFO] [stdout] 
[INFO] [stdout] error[E0432]: unresolved import `sweet`
[INFO] [stdout]  --> test/maze/depth_first_backtrace.rs:2:5
[INFO] [stdout]   |
[INFO] [stdout] 2 | use sweet::*;
[INFO] [stdout]   |     ^^^^^ use of undeclared crate or module `sweet`
[INFO] [stdout] 
[INFO] [stdout] 
[INFO] [stdout] error[E0432]: unresolved import `sweet`
[INFO] [stdout]  --> test/maze/maze_walls.rs:7:5
[INFO] [stdout]   |
[INFO] [stdout] 7 | use sweet::*;
[INFO] [stdout]   |     ^^^^^ use of undeclared crate or module `sweet`
[INFO] [stdout] 
[INFO] [stdout] 
[INFO] [stdout] error[E0432]: unresolved import `sweet`
[INFO] [stdout]  --> test/maze/plugin.rs:3:5
[INFO] [stdout]   |
[INFO] [stdout] 3 | use sweet::*;
[INFO] [stdout]   |     ^^^^^ use of undeclared crate or module `sweet`
[INFO] [stdout] 
[INFO] [stdout] 
[INFO] [stdout] error[E0432]: unresolved import `sweet`
[INFO] [stdout]  --> test/maze/rect_maze.rs:4:5
[INFO] [stdout]   |
[INFO] [stdout] 4 | use sweet::*;
[INFO] [stdout]   |     ^^^^^ use of undeclared crate or module `sweet`
[INFO] [stdout] 
[INFO] [stdout] 
[INFO] [stdout] error[E0432]: unresolved import `sweet`
[INFO] [stdout]  --> test/misc/boid.rs:1:5
[INFO] [stdout]   |
[INFO] [stdout] 1 | use sweet::*;
[INFO] [stdout]   |     ^^^^^ use of undeclared crate or module `sweet`
[INFO] [stdout] 
[INFO] [stdout] 
[INFO] [stdout] error[E0432]: unresolved import `sweet`
[INFO] [stdout]  --> test/misc/ecs.rs:2:5
[INFO] [stdout]   |
[INFO] [stdout] 2 | use sweet::*;
[INFO] [stdout]   |     ^^^^^ use of undeclared crate or module `sweet`
[INFO] [stdout] 
[INFO] [stdout] 
[INFO] [stdout] error[E0432]: unresolved import `sweet`
[INFO] [stdout]  --> test/misc/graphics.rs:4:5
[INFO] [stdout]   |
[INFO] [stdout] 4 | use sweet::*;
[INFO] [stdout]   |     ^^^^^ use of undeclared crate or module `sweet`
[INFO] [stdout] 
[INFO] [stdout] 
[INFO] [stdout] error[E0432]: unresolved import `sweet`
[INFO] [stdout]  --> test/misc/kaleid.rs:1:5
[INFO] [stdout]   |
[INFO] [stdout] 1 | use sweet::*;
[INFO] [stdout]   |     ^^^^^ use of undeclared crate or module `sweet`
[INFO] [stdout] 
[INFO] [stdout] 
[INFO] [stdout] error[E0432]: unresolved import `sweet`
[INFO] [stdout]  --> test/misc/physics.rs:4:5
[INFO] [stdout]   |
[INFO] [stdout] 4 | use sweet::*;
[INFO] [stdout]   |     ^^^^^ use of undeclared crate or module `sweet`
[INFO] [stdout] 
[INFO] [stdout] 
[INFO] [stdout] error[E0432]: unresolved import `sweet`
[INFO] [stdout]  --> test/misc/utility.rs:2:5
[INFO] [stdout]   |
[INFO] [stdout] 2 | use sweet::*;
[INFO] [stdout]   |     ^^^^^ use of undeclared crate or module `sweet`
[INFO] [stdout] 
[INFO] [stdout] 
[INFO] [stdout] error[E0432]: unresolved import `sweet`
[INFO] [stdout]  --> test/physics/euler_physics.rs:3:5
[INFO] [stdout]   |
[INFO] [stdout] 3 | use sweet::*;
[INFO] [stdout]   |     ^^^^^ use of undeclared crate or module `sweet`
[INFO] [stdout] 
[INFO] [stdout] 
[INFO] [stdout] error[E0432]: unresolved import `sweet`
[INFO] [stdout]  --> test/physics/revolute_joint.rs:5:5
[INFO] [stdout]   |
[INFO] [stdout] 5 | use sweet::*;
[INFO] [stdout]   |     ^^^^^ use of undeclared crate or module `sweet`
[INFO] [stdout] 
[INFO] [stdout] 
[INFO] [stdout] error[E0432]: unresolved import `sweet`
[INFO] [stdout]  --> test/physics/slerp_joint.rs:3:5
[INFO] [stdout]   |
[INFO] [stdout] 3 | use sweet::*;
[INFO] [stdout]   |     ^^^^^ use of undeclared crate or module `sweet`
[INFO] [stdout] 
[INFO] [stdout] 
[INFO] [stdout] error[E0432]: unresolved import `sweet`
[INFO] [stdout]  --> test/spline/catmull_rom.rs:4:5
[INFO] [stdout]   |
[INFO] [stdout] 4 | use sweet::*;
[INFO] [stdout]   |     ^^^^^ use of undeclared crate or module `sweet`
[INFO] [stdout] 
[INFO] [stdout] 
[INFO] [stdout] error[E0432]: unresolved import `sweet`
[INFO] [stdout]  --> test/spline/ecs_spline_graph.rs:3:5
[INFO] [stdout]   |
[INFO] [stdout] 3 | use sweet::*;
[INFO] [stdout]   |     ^^^^^ use of undeclared crate or module `sweet`
[INFO] [stdout] 
[INFO] [stdout] 
[INFO] [stdout] error[E0432]: unresolved import `sweet`
[INFO] [stdout]  --> test/spline/graph.rs:3:5
[INFO] [stdout]   |
[INFO] [stdout] 3 | use sweet::*;
[INFO] [stdout]   |     ^^^^^ use of undeclared crate or module `sweet`
[INFO] [stdout] 
[INFO] [stdout] 
[INFO] [stdout] error[E0432]: unresolved import `sweet`
[INFO] [stdout]  --> test/spline/spline.rs:4:5
[INFO] [stdout]   |
[INFO] [stdout] 4 | use sweet::*;
[INFO] [stdout]   |     ^^^^^ use of undeclared crate or module `sweet`
[INFO] [stdout] 
[INFO] [stdout] 
[INFO] [stdout] error[E0432]: unresolved import `sweet`
[INFO] [stdout]  --> test/spline/spline_graph.rs:6:5
[INFO] [stdout]   |
[INFO] [stdout] 6 | use sweet::*;
[INFO] [stdout]   |     ^^^^^ use of undeclared crate or module `sweet`
[INFO] [stdout] 
[INFO] [stdout] 
[INFO] [stdout] error[E0432]: unresolved import `sweet`
[INFO] [stdout]  --> test/spline/spline_mesh.rs:6:5
[INFO] [stdout]   |
[INFO] [stdout] 6 | use sweet::*;
[INFO] [stdout]   |     ^^^^^ use of undeclared crate or module `sweet`
[INFO] [stdout] 
[INFO] [stdout] 
[INFO] [stdout] error[E0432]: unresolved import `sweet`
[INFO] [stdout]  --> test/spline/spline_mesh_render.rs:5:5
[INFO] [stdout]   |
[INFO] [stdout] 5 | use sweet::*;
[INFO] [stdout]   |     ^^^^^ use of undeclared crate or module `sweet`
[INFO] [stdout] 
[INFO] [stdout] 
[INFO] [stdout] error[E0432]: unresolved import `sweet`
[INFO] [stdout]  --> test/spline/spline_physics.rs:6:5
[INFO] [stdout]   |
[INFO] [stdout] 6 | use sweet::*;
[INFO] [stdout]   |     ^^^^^ use of undeclared crate or module `sweet`
[INFO] [stdout] 
[INFO] [stdout] 
[INFO] [stdout] error[E0432]: unresolved import `sweet`
[INFO] [stdout]  --> test/spline/spline_physics_render.rs:7:5
[INFO] [stdout]   |
[INFO] [stdout] 7 | use sweet::*;
[INFO] [stdout]   |     ^^^^^ use of undeclared crate or module `sweet`
[INFO] [stdout] 
[INFO] [stdout] 
[INFO] [stdout] warning: unused imports: `AsBindGroup`, `ShaderRef`, `reflect::TypeUuid`
[INFO] [stdout]  --> examples/shader.rs:3:2
[INFO] [stdout]   |
[INFO] [stdout] 3 |     reflect::TypeUuid,
[INFO] [stdout]   |     ^^^^^^^^^^^^^^^^^
[INFO] [stdout] 4 |     render::render_resource::{AsBindGroup, ShaderRef},
[INFO] [stdout]   |                               ^^^^^^^^^^^  ^^^^^^^^^
[INFO] [stdout]   |
[INFO] [stdout]   = note: `#[warn(unused_imports)]` on by default
[INFO] [stdout] 
[INFO] [stdout] 
[INFO] [stdout] error: cannot find macro `sweet` in this scope
[INFO] [stdout]  --> test/extensions/quat.rs:6:1
[INFO] [stdout]   |
[INFO] [stdout] 6 | sweet! {
[INFO] [stdout]   | ^^^^^
[INFO] [stdout] 
[INFO] [stdout] 
[INFO] [stdout] error: cannot find macro `sweet` in this scope
[INFO] [stdout]  --> test/geometry/bezier.rs:3:1
[INFO] [stdout]   |
[INFO] [stdout] 3 | sweet! {
[INFO] [stdout]   | ^^^^^
[INFO] [stdout] 
[INFO] [stdout] 
[INFO] [stdout] error: cannot find macro `sweet` in this scope
[INFO] [stdout]  --> test/geometry/bezier_render.rs:6:1
[INFO] [stdout]   |
[INFO] [stdout] 6 | sweet! {
[INFO] [stdout]   | ^^^^^
[INFO] [stdout] 
[INFO] [stdout] 
[INFO] [stdout] error: cannot find macro `sweet` in this scope
[INFO] [stdout]  --> test/maze/ball.rs:8:1
[INFO] [stdout]   |
[INFO] [stdout] 8 | sweet! {
[INFO] [stdout]   | ^^^^^
[INFO] [stdout] 
[INFO] [stdout] 
[INFO] [stdout] error: cannot find macro `sweet` in this scope
[INFO] [stdout]  --> test/maze/depth_first_backtrace.rs:4:1
[INFO] [stdout]   |
[INFO] [stdout] 4 | sweet! {
[INFO] [stdout]   | ^^^^^
[INFO] [stdout] 
[INFO] [stdout] 
[INFO] [stdout] error: cannot find macro `sweet` in this scope
[INFO] [stdout]  --> test/maze/maze_walls.rs:9:1
[INFO] [stdout]   |
[INFO] [stdout] 9 | sweet! {
[INFO] [stdout]   | ^^^^^
[INFO] [stdout] 
[INFO] [stdout] 
[INFO] [stdout] error: cannot find macro `sweet` in this scope
[INFO] [stdout]  --> test/maze/plugin.rs:5:1
[INFO] [stdout]   |
[INFO] [stdout] 5 | sweet! {
[INFO] [stdout]   | ^^^^^
[INFO] [stdout] 
[INFO] [stdout] 
[INFO] [stdout] error: cannot find macro `sweet` in this scope
[INFO] [stdout]  --> test/maze/rect_maze.rs:6:1
[INFO] [stdout]   |
[INFO] [stdout] 6 | sweet! {
[INFO] [stdout]   | ^^^^^
[INFO] [stdout] 
[INFO] [stdout] 
[INFO] [stdout] error: cannot find macro `sweet` in this scope
[INFO] [stdout]  --> test/misc/boid.rs:3:1
[INFO] [stdout]   |
[INFO] [stdout] 3 | sweet! {
[INFO] [stdout]   | ^^^^^
[INFO] [stdout] 
[INFO] [stdout] 
[INFO] [stdout] error: cannot find macro `sweet` in this scope
[INFO] [stdout]   --> test/misc/ecs.rs:15:1
[INFO] [stdout]    |
[INFO] [stdout] 15 | sweet! {
[INFO] [stdout]    | ^^^^^
[INFO] [stdout] 
[INFO] [stdout] 
[INFO] [stdout] error: cannot find macro `sweet` in this scope
[INFO] [stdout]  --> test/misc/graphics.rs:7:1
[INFO] [stdout]   |
[INFO] [stdout] 7 | sweet! {
[INFO] [stdout]   | ^^^^^
[INFO] [stdout] 
[INFO] [stdout] 
[INFO] [stdout] error: cannot find macro `sweet` in this scope
[INFO] [stdout]  --> test/misc/kaleid.rs:3:1
[INFO] [stdout]   |
[INFO] [stdout] 3 | sweet! {
[INFO] [stdout]   | ^^^^^
[INFO] [stdout] 
[INFO] [stdout] 
[INFO] [stdout] error: cannot find macro `sweet` in this scope
[INFO] [stdout]  --> test/misc/physics.rs:6:1
[INFO] [stdout]   |
[INFO] [stdout] 6 | sweet! {
[INFO] [stdout]   | ^^^^^
[INFO] [stdout] 
[INFO] [stdout] 
[INFO] [stdout] error: cannot find macro `sweet` in this scope
[INFO] [stdout]  --> test/misc/utility.rs:9:1
[INFO] [stdout]   |
[INFO] [stdout] 9 | sweet! {
[INFO] [stdout]   | ^^^^^
[INFO] [stdout] 
[INFO] [stdout] 
[INFO] [stdout] error: cannot find macro `sweet` in this scope
[INFO] [stdout]  --> test/physics/euler_physics.rs:6:1
[INFO] [stdout]   |
[INFO] [stdout] 6 | sweet! {
[INFO] [stdout]   | ^^^^^
[INFO] [stdout] 
[INFO] [stdout] 
[INFO] [stdout] error: cannot find macro `sweet` in this scope
[INFO] [stdout]  --> test/physics/revolute_joint.rs:7:1
[INFO] [stdout]   |
[INFO] [stdout] 7 | sweet! {
[INFO] [stdout]   | ^^^^^
[INFO] [stdout] 
[INFO] [stdout] 
[INFO] [stdout] error: cannot find macro `sweet` in this scope
[INFO] [stdout]  --> test/physics/slerp_joint.rs:5:1
[INFO] [stdout]   |
[INFO] [stdout] 5 | sweet! {
[INFO] [stdout]   | ^^^^^
[INFO] [stdout] 
[INFO] [stdout] 
[INFO] [stdout] error: cannot find macro `sweet` in this scope
[INFO] [stdout]  --> test/spline/catmull_rom.rs:6:1
[INFO] [stdout]   |
[INFO] [stdout] 6 | sweet! {
[INFO] [stdout]   | ^^^^^
[INFO] [stdout] 
[INFO] [stdout] 
[INFO] [stdout] error: cannot find macro `sweet` in this scope
[INFO] [stdout]  --> test/spline/ecs_spline_graph.rs:5:1
[INFO] [stdout]   |
[INFO] [stdout] 5 | sweet! {
[INFO] [stdout]   | ^^^^^
[INFO] [stdout] 
[INFO] [stdout] 
[INFO] [stdout] error: cannot find macro `sweet` in this scope
[INFO] [stdout]  --> test/spline/graph.rs:6:1
[INFO] [stdout]   |
[INFO] [stdout] 6 | sweet! {
[INFO] [stdout]   | ^^^^^
[INFO] [stdout] 
[INFO] [stdout] 
[INFO] [stdout] error: cannot find macro `sweet` in this scope
[INFO] [stdout]  --> test/spline/spline.rs:5:1
[INFO] [stdout]   |
[INFO] [stdout] 5 | sweet! {
[INFO] [stdout]   | ^^^^^
[INFO] [stdout] 
[INFO] [stdout] 
[INFO] [stdout] error: cannot find macro `sweet` in this scope
[INFO] [stdout]  --> test/spline/spline_graph.rs:7:1
[INFO] [stdout]   |
[INFO] [stdout] 7 | sweet! {
[INFO] [stdout]   | ^^^^^
[INFO] [stdout] 
[INFO] [stdout] 
[INFO] [stdout] error: cannot find macro `sweet` in this scope
[INFO] [stdout]  --> test/spline/spline_mesh.rs:8:1
[INFO] [stdout]   |
[INFO] [stdout] 8 | sweet! {
[INFO] [stdout]   | ^^^^^
[INFO] [stdout] 
[INFO] [stdout] 
[INFO] [stdout] error: cannot find macro `sweet` in this scope
[INFO] [stdout]  --> test/spline/spline_mesh_render.rs:6:1
[INFO] [stdout]   |
[INFO] [stdout] 6 | sweet! {
[INFO] [stdout]   | ^^^^^
[INFO] [stdout] 
[INFO] [stdout] 
[INFO] [stdout] error: cannot find macro `sweet` in this scope
[INFO] [stdout]  --> test/spline/spline_physics.rs:7:1
[INFO] [stdout]   |
[INFO] [stdout] 7 | sweet! {
[INFO] [stdout]   | ^^^^^
[INFO] [stdout] 
[INFO] [stdout] 
[INFO] [stdout] error: cannot find macro `sweet` in this scope
[INFO] [stdout]  --> test/spline/spline_physics_render.rs:9:1
[INFO] [stdout]   |
[INFO] [stdout] 9 | sweet! {
[INFO] [stdout]   | ^^^^^
[INFO] [stdout] 
[INFO] [stdout] 
[INFO] [stdout] error[E0601]: `main` function not found in crate `sweet`
[INFO] [stdout]   --> test/sweet.rs:15:16
[INFO] [stdout]    |
[INFO] [stdout] 15 | pub mod spline;
[INFO] [stdout]    |                ^ consider adding a `main` function to `test/sweet.rs`
[INFO] [stdout] 
[INFO] [stdout] 
[INFO] [stdout] warning: 1 warning emitted
[INFO] [stdout] 
[INFO] [stdout] 
[INFO] [stdout] error: aborting due to 54 previous errors
[INFO] [stdout] 
[INFO] [stdout] 
[INFO] [stdout] Some errors have detailed explanations: E0432, E0601.
[INFO] [stdout] 
[INFO] [stdout] For more information about an error, try `rustc --explain E0432`.
[INFO] [stdout] 
[INFO] [stderr] error: could not compile `forky_play` (test "sweet") due to 55 previous errors
[INFO] [stderr] warning: build failed, waiting for other jobs to finish...
[INFO] running `Command { std: "docker" "inspect" "c9ce932b91fcee804e3979351fdfd33b10726c41abb1747873719d25a048af7d", kill_on_drop: false }`
[INFO] running `Command { std: "docker" "rm" "-f" "c9ce932b91fcee804e3979351fdfd33b10726c41abb1747873719d25a048af7d", kill_on_drop: false }`
[INFO] [stdout] c9ce932b91fcee804e3979351fdfd33b10726c41abb1747873719d25a048af7d
